s 13541434259 a prime number?
False
Is 4352353933 a composite number?
False
Is 512362183 a prime number?
False
Is 110584861 a prime number?
False
Is 668122501 a composite number?
False
Is 522298453 a prime number?
True
Is 39331230203 composite?
True
Is 527545481 composite?
True
Is 1253131007 a prime number?
True
Is 34380960577 a prime number?
True
Is 23869782151 composite?
True
Is 1116410311 composite?
True
Is 9591007409 prime?
False
Is 69163403333 a composite number?
True
Is 12181125553 a prime number?
True
Is 731935609 a composite number?
False
Is 6066401917 a composite number?
True
Is 429126889 prime?
True
Is 11183867363 prime?
True
Is 3084121 composite?
True
Is 8632259299 a composite number?
False
Is 4983623009 prime?
False
Is 7066484771 composite?
False
Is 1671647321 a prime number?
False
Is 212671111 a composite number?
False
Is 126722579593 a prime number?
False
Is 1072386499 prime?
False
Is 100896393503 a prime number?
False
Is 26934118577 a composite number?
False
Is 28415706353 a prime number?
True
Is 4188384547 prime?
True
Is 973164859 a prime number?
False
Is 5112150569 prime?
False
Is 2863624781 prime?
True
Is 2466766487 a composite number?
True
Is 3721702721 a prime number?
False
Is 10833112541 a prime number?
True
Is 7777988209 a composite number?
True
Is 900907103 a composite number?
False
Is 2142160213 a prime number?
True
Is 487616633 prime?
False
Is 384821551 prime?
True
Is 274372241927 prime?
False
Is 7695223301 a prime number?
True
Is 106487380691 composite?
True
Is 74219908453 a prime number?
True
Is 8052480889 prime?
False
Is 4073561035 a prime number?
False
Is 15786248831 a composite number?
False
Is 91108330319 a composite number?
True
Is 307689311 composite?
True
Is 1164743197 a prime number?
True
Is 3144393761 a composite number?
False
Is 40819017853 prime?
True
Is 10177203349 a composite number?
False
Is 352329773 a composite number?
False
Is 1367999461 prime?
True
Is 138659910413 composite?
True
Is 1225998743 a composite number?
False
Is 97072562107 composite?
True
Is 689565889 a prime number?
False
Is 615521161 prime?
False
Is 2734937609 a prime number?
True
Is 2713167427 a composite number?
False
Is 13300596577 a composite number?
False
Is 52844193671 a prime number?
False
Is 326026783 a prime number?
False
Is 1856072527 composite?
False
Is 95525081 a prime number?
True
Is 8569734851 composite?
True
Is 74404500829 a composite number?
False
Is 22545714929 a prime number?
True
Is 17925015629 a composite number?
False
Is 30598705811 a prime number?
True
Is 58304101931 composite?
False
Is 39494491 a composite number?
True
Is 23412269723 a composite number?
True
Is 96140687 a composite number?
False
Is 2543145469 a prime number?
True
Is 882676759 prime?
True
Is 112443887053 composite?
True
Is 959148973 composite?
False
Is 715596421 prime?
True
Is 223476569 composite?
True
Is 316051063 a prime number?
False
Is 1662947809 prime?
True
Is 728050133 a composite number?
True
Is 33211078577 prime?
False
Is 7471881535 composite?
True
Is 4380416203 prime?
True
Is 502901299 composite?
True
Is 364801553 a prime number?
True
Is 516396613 composite?
False
Is 1186570633 prime?
True
Is 10767306581 prime?
False
Is 86084803 a prime number?
False
Is 7140105943 a prime number?
True
Is 455080805 a prime number?
False
Is 1040215207 prime?
True
Is 2457554263 composite?
False
Is 6462501973 composite?
True
Is 49874501 a composite number?
False
Is 568688269 prime?
True
Is 42982103651 prime?
True
Is 92732581 a prime number?
False
Is 94444199 composite?
False
Is 17671475183 a composite number?
False
Is 302143717 prime?
True
Is 125737873 a composite number?
False
Is 1513618709 a prime number?
False
Is 267172019 a prime number?
True
Is 1900497281 a prime number?
False
Is 405941363 composite?
True
Is 4849079773 a composite number?
False
Is 7022089801 a composite number?
True
Is 7290249413 composite?
False
Is 284087359 a composite number?
False
Is 895156763 a composite number?
False
Is 821861809 composite?
False
Is 1008838997 a prime number?
False
Is 44830187 prime?
True
Is 195602997 a prime number?
False
Is 22269241271 prime?
True
Is 630640921 composite?
True
Is 327398447 a prime number?
True
Is 146090929 composite?
False
Is 578459027 composite?
True
Is 67946023 a composite number?
True
Is 388822151 a composite number?
True
Is 22464953243 prime?
True
Is 2193145093 prime?
False
Is 204468542 prime?
False
Is 4077738737 a prime number?
True
Is 53208066389 a composite number?
False
Is 141235573 prime?
False
Is 6154660543 prime?
True
Is 10767793913 a composite number?
False
Is 153805417 a composite number?
True
Is 37973057537 composite?
True
Is 23535015617 a prime number?
True
Is 18430081109 a prime number?
False
Is 52431613 a prime number?
False
Is 915680501 a prime number?
True
Is 1954229163 a prime number?
False
Is 269366117 composite?
False
Is 134087713 a prime number?
True
Is 14955700087 prime?
False
Is 22304892307 composite?
False
Is 15926139317 a prime number?
False
Is 6167078623 prime?
False
Is 2777163 prime?
False
Is 10936105547 composite?
True
Is 88735781 composite?
False
Is 1351151147 a composite number?
True
Is 5570946961 a prime number?
False
Is 1377666887 a prime number?
True
Is 543850529 prime?
False
Is 212509321 a prime number?
True
Is 339528757 composite?
True
Is 3850094509 a composite number?
True
Is 1184807433 a composite number?
True
Is 4842091193 prime?
False
Is 5807294137 composite?
False
Is 65155281493 composite?
False
Is 87878919283 a composite number?
False
Is 4077830161 a prime number?
False
Is 1983706394 composite?
True
Is 4353711221 a prime number?
True
Is 11897690707 composite?
True
Is 558761297 prime?
False
Is 473011469 a prime number?
False
Is 57130306423 prime?
True
Is 1842801973 composite?
False
Is 18967069981 prime?
False
Is 20337106297 composite?
True
Is 456893863 a composite number?
False
Is 649219529 prime?
False
Is 3473766239 a prime number?
False
Is 2793908521 a composite number?
False
Is 35895662207 prime?
True
Is 1151175331 prime?
True
Is 198751469 composite?
True
Is 88025109749 composite?
False
Is 55666199783 prime?
False
Is 8244181333 composite?
True
Is 3373694713 a prime number?
True
Is 61703399963 prime?
False
Is 36503350951 a prime number?
True
Is 14914761193 a composite number?
False
Is 114630683 a composite number?
True
Is 798281819 prime?
True
Is 4531460251 prime?
False
Is 4252288994 composite?
True
Is 310114817 a composite number?
False
Is 393640099 a composite number?
True
Is 31122149 prime?
False
Is 8463613 prime?
False
Is 20646520151 prime?
True
Is 98989736327 prime?
True
Is 3366099791 a prime number?
False
Is 2058953851 prime?
True
Is 7801269467 a prime number?
False
Is 10688635 composite?
True
Is 29448912841 prime?
True
Is 7410903985 a prime number?
False
Is 1930325437 a composite number?
True
Is 643136687 a prime number?
True
Is 3382547339 a composite number?
False
Is 933613607 composite?
False
Is 68057960585 a composite number?
True
Is 116967559 prime?
False
Is 1047028641 a prime number?
False
Is 2269481243 a prime number?
False
Is 12555433399 prime?
False
Is 1379612119 prime?
False
Is 4555060043 composite?
False
Is 1227084659 composite?
False
Is 1603429063 a composite number?
False
Is 810323399 a composite number?
False
Is 1701261223 a composite number?
False
Is 2678737471 prime?
False
Is 28695057869 composite?
True
Is 33917045537 prime?
True
Is 48197418307 composite?
False
Is 14212328807 a composite number?
False
Is 9606775699 a composite number?
False
Is 191904529 a composite number?
False
Is 32099333221 a composite number?
True
Is 29626937423 a composite number?
False
Is 7983435721 a composite number?
True
Is 105142445789 prime?
True
Is 264189007 composite?
False
Is 1310598559 a composite number?
True
Is 3091032379 composite?
True
Is 6142632269 composite?
True
Is 1663767865 prime?
False
Is 29045287507 a prime number?
False
Is 50523538249 a composite number?
True
Is 3147605519 composite?
False
Is 10617697661 a prime number?
True
Is 1215284549 a prime number?
True
Is 97618867 a prime number?
False
Is 2751447791 a composite number?
True
Is 4600593341 prime?
False
Is 2759993689 composite?
True
Is 6411109297 a composite number?
False
Is 43640651203 prime?
True
Is 705020021 composite?
True
Is 2